at is b(114)?
695
Let l(a) = a**2 - 2846*a - 386882. Calculate l(-130).
-2
Let l(r) = r**3 - 6590*r**2 - 72606*r + 48. What is l(-11)?
-7
Let y(z) = -30*z**3 + 3988*z**2 + 273*z - 987. Give y(133).
-56
Let q(s) = 7*s**3 + 14*s**2 - 2106*s - 4205. What is q(-2)?
7
Let s(w) = -w**3 - 43*w**2 - 449*w - 21. What is s(-15)?
414
Let m(o) = 27*o**3 - 162*o**2 + 239*o - 89. Calculate m(4).
3
Let j(q) = 2*q**3 - 216*q**2 + 209*q + 486. Give j(107).
-49
Let q(i) = 2394*i + 14662. What is q(-6)?
298
Let s(y) = 410*y + 1379. Calculate s(-6).
-1081
Let a(s) = 14177*s - 1459. Give a(0).
-1459
Let z(s) = 15196*s - 455881. Give z(30).
-1
Let c(o) = 2*o**3 - 698*o**2 + 57*o - 19433. Give c(349).
460
Let v(j) = 745*j - 37355. Determine v(50).
-105
Let h(t) = 4763*t + 33335. Calculate h(-7).
-6
Let f(m) = -m**3 - 15*m**2 - 1233*m - 23058. Give f(-18).
108
Let b(m) = 569*m - 6068. Determine b(12).
760
Let y(o) = -3*o**2 + 77*o + 18. Determine y(26).
-8
Let f(o) = 3*o**3 - 20*o**2 - 706*o + 4201. Calculate f(6).
-107
Let y(x) = 3*x**3 - 58*x**2 + 150*x + 285. Determine y(6).
-255
Let r(b) = -14589865*b - 29179729. What is r(-2)?
1
Let n(f) = -2*f**3 + 359*f**2 - 96*f - 14927. Calculate n(179).
-70
Let t(y) = y**3 + 10*y**2 + 13*y + 674. What is t(0)?
674
Let x(b) = 7184*b + 14187. Give x(-2).
-181
Let y(f) = -2643*f - 142723. Give y(-54).
-1
Let k(b) = 9955*b + 168823. Determine k(-17).
-412
Let d(k) = -k**3 - 72*k**2 + 932*k + 75159. Give d(-70).
119
Let p(o) = -52*o**3 - 31884*o**2 - 4906*o - 1226. What is p(-613)?
0
Let p(y) = -1600*y - 43873. Determine p(-24).
-5473
Let q(h) = h**3 - 21*h**2 - 154*h - 545. Give q(27).
-329
Let i(f) = 35*f**2 + 349*f + 282. Give i(-9).
-24
Let w(t) = -5*t**2 + 677*t + 27780. Give w(-33).
-6
Let i(r) = -290*r + 72667. Calculate i(250).
167
Let d(z) = -7*z**2 - 1258*z + 44506. Give d(-210).
-14
Let m(v) = -26*v**2 - 4818*v + 4786. Determine m(1).
-58
Let a(x) = 35*x**3 - 28*x**2 + 110*x - 22. Determine a(4).
2210
Let a(o) = -o**3 + 45*o**2 - 363*o - 2966. Give a(27).
355
Let o(w) = 2*w**2 + 162*w + 60. Give o(-79).
-256
Let u(n) = -n**2 + 1199*n - 165948. Give u(160).
292
Let j(s) = 411*s - 7098. Calculate j(21).
1533
Let y(w) = 2*w**3 + w**2 - 23*w + 45. Calculate y(11).
2575
Let k(s) = -2*s**2 - 19046*s + 228786. What is k(12)?
-54
Let i(q) = 2483*q + 101821. Calculate i(-41).
18
Let k(f) = 816*f + 57437. Determine k(-73).
-2131
Let b(s) = -s**2 - 40852*s - 8009037. Give b(-197).
-2
Let x(k) = -15*k**2 + 4026*k - 1814. Determine x(268).
-206
Let n(k) = 9*k**3 - 8650*k**2 - 7699*k + 2901. Give n(962).
15
Let w(s) = -4606*s - 28641. Calculate w(-6).
-1005
Let a(o) = 34*o**3 + 65*o**2 + 196*o - 1. Calculate a(-3).
-922
Let x(z) = -z**3 - 5335*z**2 - 69116*z + 898. Determine x(-13).
-12
Let h(o) = 85*o - 948. What is h(39)?
2367
Let w(v) = 2*v**3 - 173*v**2 - 1426*v + 1082. Calculate w(94).
-422
Let w(h) = 1337*h - 49685. Determine w(37).
-216
Let m(y) = 3*y**2 - 153*y - 11566. What is m(-51)?
4040
Let f(t) = 15*t**3 + 471*t**2 - 275*t + 418. What is f(-32)?
2
Let j(n) = -n**3 - 111*n**2 - 202*n + 1427. Give j(-109).
-317
Let y(w) = 6*w**3 - 17*w**2 - 276*w + 214. What is y(8)?
-10
Let k(z) = 5415*z + 86766. Determine k(-16).
126
Let o(k) = -5*k**2 - 537*k + 2812. Determine o(5).
2
Let w(v) = -v**2 - 151*v + 7418. Give w(-204).
-3394
Let c(k) = 1654*k**2 - 6700*k + 354. What is c(4)?
18
Let g(v) = 5*v**3 + 49*v**2 + 204*v + 4019. What is g(-12)?
-13
Let z(f) = -659*f + 4286. Give z(8).
-986
Let w(q) = 24*q**2 - 793*q - 1554. Give w(-2).
128
Let q(x) = 100273*x + 2807599. What is q(-28)?
-45
Let j(a) = -1504*a + 712878. Determine j(474).
-18
Let o(i) = 1418*i + 36262. Give o(-26).
-606
Let z(o) = -11*o + 323. Determine z(1).
312
Let d(v) = v**3 - 18*v**2 - 2427*v + 49585. What is d(21)?
-59
Let p(a) = 6*a**3 - 244*a**2 - 65*a - 609. Determine p(41).
88
Let q(u) = 977*u - 9877. Determine q(11).
870
Let g(v) = 2*v**3 - 121*v**2 - 49*v - 507. What is g(61)?
225
Let b(p) = -740*p + 4639. What is b(7)?
-541
Let c(j) = -11*j**3 - 20*j**2 - 5*j + 23. Give c(3).
-469
Let o(c) = -3*c**3 + 85*c**2 + 647*c - 9438. Determine o(32).
2
Let m(p) = p**3 + 47*p**2 + 612*p + 1403. What is m(-21)?
17
Let t(r) = r**3 + 12*r**2 + r - 219. What is t(0)?
-219
Let w(l) = -4482*l + 179644. What is w(40)?
364
Let f(k) = 22143*k - 287842. Calculate f(13).
17
Let b(h) = -h**3 + 15*h**2 - 63*h + 590. Determine b(11).
381
Let w(t) = -17403*t - 104599. Calculate w(-6).
-181
Let r(y) = -2816*y**2 + 19717*y - 27. What is r(7)?
8
Let s(v) = -416*v**2 - 2492*v + 25. Calculate s(-6).
1
Let h(s) = 6*s**2 + 468*s - 5860. Determine h(-89).
14
Let v(h) = 5*h**3 + 427*h**2 + 172*h + 182. What is v(-85)?
12
Let n(t) = -4672*t + 149462. Calculate n(32).
-42
Let b(i) = 61*i**3 - 4208*i**2 - 51*i - 1217. Give b(69).
25
Let x(z) = 20*z**3 + 361*z**2 + 25*z + 127. Give x(-18).
1
Let o(f) = f**3 - 18*f**2 - 38*f - 37. Determine o(20).
3
Let h(c) = -c + 759. Determine h(-34).
793
Let r(k) = k**3 - 470*k**2 + 3545*k - 1001245. Calculate r(467).
3
Let z(w) = -9865*w + 246638. Give z(25).
13
Let n(a) = -1560*a + 826813. Give n(530).
13
Let o(w) = 212*w + 205431. Give o(-969).
3
Let f(a) = 3465*a - 398376. Determine f(115).
99
Let s(f) = -3*f**3 - 250*f**2 + 912*f - 3906. Calculate s(-87).
9
Let i(m) = 3*m**2 + 9925*m + 39679. What is i(-4)?
27
Let f(k) = k**3 - 3*k**2 - 578*k + 67. Give f(26).
587
Let u(q) = -q**2 + 1524*q - 19744. Calculate u(13).
-101
Let g(u) = -39*u**2 - 744*u + 1350. Give g(-20).
630
Let c(o) = 7*o**3 + 64*o**2 + 135*o - 98. Give c(-6).
-116
Let s(i) = -2*i**2 + 429*i - 21571. Determine s(138).
-457
Let q(o) = -2132009*o + 12792073. Determine q(6).
19
Let m(f) = -5806*f - 1877. Calculate m(-1).
3929
Let g(y) = -3*y**2 - 346*y + 45113. What is g(-194)?
-671
Let m(d) = 2*d**3 - 17*d**2 + 7*d - 40. What is m(9)?
104
Let h(p) = -3*p**3 + 1347*p**2 - 37709*p - 402. Calculate h(419).
17
Let f(v) = 676*v + 184271. Give f(-273).
-277
Let w(h) = -63247*h + 442407. Give w(7).
-322
Let i(r) = 118044*r + 708271. Determine i(-6).
7
Let o(t) = 3500*t + 126000. What is o(-36)?
0
Let k(d) = -6*d**2 - 452*d + 631724. Give k(289).
-30
Let d(w) = -53557*w + 7176641. Calculate d(134).
3
Let g(f) = -f**3 - 36*f**2 - 65*f + 544. Determine g(-33).
-578
Let f(g) = g**3 - 7*g**2 + 17*g - 56. Determine f(11).
615
Let j(t) = -t**3 + 58*t**2 - 21*t + 1329. Calculate j(58).
111
Let v(w) = 2*w**2 - 58*w - 1324. Calculate v(45).
116
Let n(c) = c**2 + 7502*c - 729412. Determine n(96).
-4
Let p(n) = -1563*n - 14132. What is p(-9)?
-65
Let z(l) = 17*l**2 + 1191*l - 13538. Give z(10).
72
Let d(t) = t**2 + 652*t - 8264. Give d(13).
381
Let y(s) = -293*s + 848. Give y(8).
-1496
Let w(z) = 2*z**3 + 32*z**2 - 101*z - 527. Determine w(-18).
-5
Let h(m) = 3066*m + 31216. What is h(-10)?
556
Let n(a) = 3*a**3 + 68*a**2 + 8*a - 136. What is n(-23)?
-849
Let u(h) = 10810*h - 109355. Calculate u(10).
-1255
Let o(y) = y**3 + 157*y**2 - 2989*y - 5459. What is o(-174)?
-65
Let x(v) = 19*v - 1731. What is x(82)?
-173
Let x(l) = -335*l**2 + 279714*l + 9185. Determine x(835).
0
Let k(l) = l**2 - 582*l - 38191. Give k(-62).
1737
Let k(a) = -4*a**2 + 3017*a + 277012. Give k(837).
-35
Let p(f) = 930*f**3 - 17671*f**2 + 41*f - 396. Calculate p(19).
22
Let h(m) = -2*m**3 - 462*m**2 - 1863*m - 200. What is h(-4)?
-12
Let m(n) = 471744*n + 40098239. Determine m(-85).
-1
Let f(g) = 2565*g - 18437. Give f(7).
-482
Let v(f) = -22217*f + 111121. Give v(5).
36
Let y(n) = 59*n**3 - 4*n**2 - 5*n + 29. Calculate y(2).
475
Let u(t) = -83*t**2 + 84*t + 6. What is u(3)?
-489
Let z(q) = -1151*q + 2171923. Determine z(1887).
-14
Let j(q) = q**2 + 26*q - 1692. Give j(-60).
348
Let d(c) = 17*c**2 + 3616*c + 5518. Determine d(-211).
-601
Let o(u) = -u**3 + 98*u**2 - 207*u + 30365. Determine o(99).
71
Let u(w) = 19245*w - 384962. Give u(20).
-62
Let h(n) = n**2 - 34123*n - 375462. Give h(-11).
12
Let s(y) = 657669*y - 1973014. What is s(3)?
-7
Let q(w) = -147*w**3 + 880*w**2 + 22*w - 62. Determine q(6).
-2
Let h(o) = 245*o**3 + 4*o**2 - 4*o - 1. Calculate h(-3).
-6568
Let n(b) = 2*b**3 - 25*b**2 + 3139*b + 9689. What is n(-3)?
-7
Let f(o) = -o**2 - 2833*o + 218091. Calculate f(75).
-9
Let c(x) = -893*x + 9011. Give c(10).
81
Let u